factors of 393770.
2, 5, 13, 233
List the prime factors of 517538.
2, 7, 5281
What are the prime factors of 707569?
251, 2819
What are the prime factors of 331651?
331651
List the prime factors of 3645182.
2, 73, 24967
What are the prime factors of 214620?
2, 3, 5, 7, 73
List the prime factors of 1301286.
2, 3, 7, 30983
What are the prime factors of 9784577?
11, 101, 8807
List the prime factors of 34363.
7, 4909
List the prime factors of 7389681.
3, 13, 189479
List the prime factors of 226130.
2, 5, 22613
List the prime factors of 187918.
2, 17, 5527
List the prime factors of 12795654.
2, 3, 241, 8849
List the prime factors of 20474233.
13, 109, 14449
List the prime factors of 110559.
3, 137, 269
What are the prime factors of 17965388?
2, 7, 449, 1429
List the prime factors of 124693.
124693
List the prime factors of 105875.
5, 7, 11
What are the prime factors of 1388881?
13, 19, 5623
What are the prime factors of 699343?
699343
What are the prime factors of 110109?
3, 17, 127
What are the prime factors of 2389476?
2, 3, 173, 1151
List the prime factors of 1584884.
2, 7, 23, 107
List the prime factors of 219779.
7, 31397
What are the prime factors of 3844447?
41, 2287
List the prime factors of 15861610.
2, 5, 1586161
What are the prime factors of 465744?
2, 3, 31, 313
List the prime factors of 1287366.
2, 3, 214561
List the prime factors of 6945206.
2, 79, 113, 389
List the prime factors of 4110195.
3, 5, 101, 2713
List the prime factors of 4264688.
2, 17, 15679
What are the prime factors of 3452220?
2, 3, 5, 2131
What are the prime factors of 148146?
2, 3, 24691
What are the prime factors of 484253?
7, 11, 19, 331
List the prime factors of 753638.
2, 376819
List the prime factors of 4426226.
2, 7, 467, 677
List the prime factors of 1305397.
37, 35281
What are the prime factors of 490442?
2, 41, 5981
List the prime factors of 9602388.
2, 3, 37, 89
List the prime factors of 34988.
2, 8747
List the prime factors of 9442705.
5, 977, 1933
What are the prime factors of 179517?
3, 13, 4603
List the prime factors of 2380816.
2, 17, 8753
What are the prime factors of 72117?
3, 2671
What are the prime factors of 108945?
3, 5, 269
What are the prime factors of 3453331?
7, 493333
What are the prime factors of 3153968?
2, 197123
List the prime factors of 1743808.
2, 11, 2477
What are the prime factors of 881982?
2, 3, 16333
What are the prime factors of 106925?
5, 7, 13, 47
List the prime factors of 184674.
2, 3, 7, 4397
What are the prime factors of 10178888?
2, 1272361
List the prime factors of 899114.
2, 449557
List the prime factors of 992374.
2, 496187
List the prime factors of 286252.
2, 71563
What are the prime factors of 7496685?
3, 5, 7, 7933
What are the prime factors of 296280?
2, 3, 5, 823
What are the prime factors of 87793?
87793
What are the prime factors of 3074635?
5, 614927
List the prime factors of 674681.
7, 281
List the prime factors of 1303454.
2, 651727
What are the prime factors of 22160?
2, 5, 277
What are the prime factors of 432547?
149, 2903
List the prime factors of 26472226.
2, 11, 1203283
List the prime factors of 7429664.
2, 11, 21107
What are the prime factors of 4107025?
5, 13, 12637
List the prime factors of 333780.
2, 3, 5, 5563
What are the prime factors of 3617057?
83, 43579
List the prime factors of 3128371.
337, 9283
What are the prime factors of 11882837?
29, 409753
List the prime factors of 268518.
2, 3, 44753
What are the prime factors of 8072890?
2, 5, 7, 115327
What are the prime factors of 32321178?
2, 3, 1795621
List the prime factors of 380120.
2, 5, 13, 17, 43
What are the prime factors of 10663444?
2, 11, 23, 41, 257
What are the prime factors of 8431677?
3, 17, 55109
List the prime factors of 5995445.
5, 1199089
What are the prime factors of 5565177?
3, 107, 5779
List the prime factors of 13349401.
13, 353, 2909
List the prime factors of 619749.
3, 13, 5297
List the prime factors of 4568729.
11, 47, 8837
List the prime factors of 24424218.
2, 3, 7, 13, 31, 37
List the prime factors of 3196417.
7, 9319
List the prime factors of 41683317.
3, 13, 1068803
List the prime factors of 314936.
2, 39367
What are the prime factors of 3404120?
2, 5, 85103
List the prime factors of 19741103.
269, 73387
What are the prime factors of 2625575?
5, 105023
What are the prime factors of 120012?
2, 3, 73, 137
List the prime factors of 4621436.
2, 23, 191, 263
What are the prime factors of 303186?
2, 3, 13, 23
List the prime factors of 2851750.
2, 5, 11, 17, 61
List the prime factors of 284517.
3, 101, 313
List the prime factors of 3833710.
2, 5, 383371
What are the prime factors of 2477817?
3, 91771
List the prime factors of 82746.
2, 3, 4597
What are the prime factors of 349733?
19, 79, 233
What are the prime factors of 40764317?
11, 17, 12823
What are the prime factors of 3882193?
7, 23, 24113
List the prime factors of 1433478.
2, 3, 173, 1381
List the prime factors of 361414.
2, 157, 1151
List the prime factors of 13976506.
2, 6988253
List the prime factors of 328223.
7, 46889
What are the prime factors of 333191?
67, 4973
List the prime factors of 412590.
2, 3, 5, 17, 809
What are the prime factors of 1298332?
2, 7, 89, 521
What are the prime factors of 886786?
2, 31, 14303
List the prime factors of 4432163.
31, 142973
List the prime factors of 2402651.
2402651
List the prime factors of 592841.
17, 43, 811
List the prime factors of 86294.
2, 13, 3319
List the prime factors of 1126937.
7, 199, 809
What are the prime factors of 26520?
2, 3, 5, 13, 17
What are the prime factors of 123440?
2, 5, 1543
List the prime factors of 2557601.
2557601
What are the prime factors of 84578?
2, 13, 3253
What are the prime factors of 504837?
3, 56093
What are the prime factors of 2702760?
2, 3, 5, 101, 223
List the prime factors of 165200.
2, 5, 7, 59
What are the prime factors of 5339079?
3, 593231
List the prime factors of 729897.
3, 7, 34757
What are the prime factors of 187772?
2, 13, 23, 157
List the prime factors of 2772836.
2, 11, 17, 337
List the prime factors of 7163.
13, 19, 29
What are the prime factors of 3049424?
2, 7, 19, 1433
What are the prime factors of 4150846?
2, 7, 296489
List the prime factors of 45161.
45161
What are the prime factors of 8890129?
8890129
List the prime factors of 22842923.
29, 773, 1019
List the prime factors of 26581.
19, 1399
List the prime factors of 3129060.
2, 3, 5, 11, 431
List the prime factors of 151827.
3, 13, 17, 229
List the prime factors of 3013840.
2, 5, 101, 373
List the prime factors of 8577083.
977, 8779
List the prime factors of 2740753.
997, 2749
List the prime factors of 812487.
3, 13, 83, 251
List the prime factors of 950423.
950423
What are the prime factors of 441925?
5, 11, 1607
What are the prime factors of 13713333?
3, 127, 35993
What are the prime factors of 386998?
2, 23, 47, 179
What are the prime factors of 8393880?
2, 3, 5, 11, 6359
List the prime factors of 25950818.
2, 709, 18301
List the prime factors of 16559207.
7, 17, 103, 193
List the prime factors of 17376588.
2, 3, 482683
What are the prime factors of 7820112?
2, 3, 197, 827
What are the prime factors of 12883973?
2137, 6029
What are the prime factors of 91649?
37, 2477
List the prime factors of 21885562.
2, 17, 643693
List the prime factors of 5214685.
5, 7, 148991
List the prime factors of 544537.
7, 11113
List the prime factors of 192364.
2, 48091
What are the prime factors of 25299?
3, 937
What are the prime factors of 26035878?
2, 3, 11, 113, 3491
What are the prime factors of 137538?
2, 3, 283
What are the prime factors of 252320?
2, 5, 19, 83
What are the prime factors of 1230506?
2, 615253
What are the prime factors of 294178?
2, 147089
List the prime factors of 58585.
5, 11717
List the prime factors of 61722.
2, 3, 127
What are the prime factors of 20816?
2, 1301
List the prime factors of 1966887.
3, 13, 16811
List the prime factors of 12445560.
2, 3, 5, 181, 191
What are the prime factors of 7191104?
2, 112361
What are the prime factors of 2007171?
3, 223019
What are the prime factors of 403667?
11, 36697
List the prime factors of 1689066.
2, 3, 31, 1009
What are the prime factors of 9353471?
719, 13009
List the prime factors of 1261688.
2, 23, 6857
What are the prime factors of 5585287?
5585287
Li